Suppose 535 = 15*x - 10*x. Let h = x - 95. Calculate the highest common factor of h and 4.
4
Suppose -7*i = -8 + 1. Let d be ((-2)/(-6))/(i/195) - -1. Calculate the highest common divisor of 33 and d.
33
Suppose -t + 91 = 4*n, -3*n = 8*t - 3*t - 387. Let h = -13683 + 13733. What is the highest common factor of h and t?
25
Let r be 4619/9 + 22/(-99). Calculate the highest common factor of 27 and r.
27
Let v(h) = h**2 - 3*h - 6. Let b be v(-6). Suppose 2*g - 4 = b. What is the greatest common divisor of g and 13?
13
Let x = 5 + -3. Suppose -x*m + 113 = -107. Calculate the highest common factor of 11 and m.
11
Let c = 27 + 13. Suppose -4*k = -4*q - 3*k + 65, c = 2*q - 2*k. What is the greatest common divisor of 10 and q?
5
Let q(g) = g**2 + 7*g - 4. Let w be q(-8). Suppose 55 + 0 = 5*h - 4*l, -l = w*h - 65. Calculate the greatest common factor of h and 15.
15
Let j = 85 - 40. Calculate the highest common divisor of j and 9.
9
Let v = -539 + 573. Calculate the highest common divisor of v and 544.
34
Let v = -11 - -14. Suppose 0 = -p + v*u + 21, p + 2*u + 3*u = 13. What is the greatest common factor of 27 and p?
9
Let z = 11 - 8. Suppose 2*s + w = 8, 0 = -4*s - 7*w + 9*w. Suppose -4 = -u + 2*y, -z*y = -u + y + s. Calculate the highest common divisor of u and 66.
6
Let v(c) = 7*c + 8. Suppose 0 = 2*k - 44. Suppose -2*z + 4 = 0, 3*b + z - 2*z = k. Let o be v(b). Calculate the highest common factor of 16 and o.
16
Let s(h) = h**3 + 6*h**2 - 8*h - 20. Let v be s(-4). Calculate the greatest common divisor of 704 and v.
44
Let v = 15 + -9. Suppose -4*d + v = -2*f, -3*f + 5*d + 2 = 8. Suppose -145 - 170 = -f*i. What is the highest common factor of i and 21?
21
Let g(u) = u**3 + 6*u**2 - 8*u + 10. Let o be g(-5). Suppose -4*h + 117 = -83. What is the greatest common divisor of h and o?
25
Let d = 2824 + -1878. What is the highest common factor of 86 and d?
86
Let r be 2/14 - ((-22722)/98 + -17). What is the highest common factor of r and 830?
83
Let y = -60 + 132. Suppose -55 = -4*a - 19. What is the highest common factor of y and a?
9
Let d(w) = w**2 - 3*w + 1. Let a be d(5). Suppose 5*h - 6*h + a = 0. What is the highest common factor of 11 and h?
11
Suppose -2201 = -9*d + 5197. What is the highest common divisor of 6 and d?
6
Let y = -1 + 4. Let r be (-196)/(-12) + (-1)/y. Let b = r - 14. What is the highest common divisor of b and 2?
2
Suppose 3*z = 6*z - 9. Suppose -h = -10 + z. Let u(f) = 3*f**2 - 2*f - 8. Let y be u(-5). What is the highest common divisor of h and y?
7
Suppose 0*v = 2*y - 2*v - 4, 0 = 3*y - 2*v - 4. Let t = 3 - y. Suppose 18 = t*n - 0. What is the highest common factor of 12 and n?
6
Let r(s) = 3*s**2 - 4*s + 1. Let x be r(3). Suppose -10*w + 80 = 10*w. Calculate the highest common divisor of w and x.
4
Let s(c) = -c - 99. Let k be s(-29). Let x = k - -77. What is the greatest common factor of x and 63?
7
Let c(y) = 3*y**2 - 1. Let t be c(-1). Let n be -8*(-3 + t)/2. Suppose -3*w = w - n. What is the greatest common factor of 8 and w?
1
Suppose 2*x = 5*x - 93. Let i = -31 + x. Suppose -k + 53 = 5*y, -3*k + 38 = 4*y - i*y. Calculate the greatest common divisor of 22 and y.
11
Let k(d) = -9*d + 8. Let u = -13 + 9. Let b be k(u). Calculate the highest common divisor of b and 11.
11
Let o be (-225)/10*50/(-15). Calculate the greatest common divisor of 200 and o.
25
Suppose -t = -3*y - 2343, 15*t - 4*y - 9412 = 11*t. Calculate the highest common factor of t and 18.
18
Let q = 159 + -137. Let h be (12/(-10) + 1)/(q/(-110)). Calculate the greatest common factor of 1 and h.
1
Let a(p) = -p**2 - p + 1. Let c(k) = -5*k**2 + 4*k - 26. Let m(j) = -6*a(j) + c(j). Let d be m(-14). What is the highest common divisor of 36 and d?
12
Let g(l) = 2*l**2 + 5*l - 2. Let m be g(-4). Let c = m - 6. What is the highest common factor of c and 36?
4
Let a = -15 - -37. Suppose -4*h - 2*k = -a, 0*k - 16 = -h + 3*k. Suppose h*s - 20 = 2*s. Calculate the greatest common divisor of s and 32.
4
Suppose 0 = 18*f - 25*f + 420. Suppose -51 = -2*b + x, -b - 3*x + 2*x + 21 = 0. Calculate the greatest common divisor of b and f.
12
Let p(u) = -u**3 - 6*u**2 - 10*u - 5. Let y be p(-4). Let q = -49 + 79. Calculate the greatest common factor of y and q.
3
Let q be 46/115 + (-128)/(-5). What is the greatest common divisor of q and 104?
26
Let n(f) = 2*f + 9. Let z be n(9). What is the highest common divisor of z and 432?
27
Let w(d) = -6*d + 20. Let r = 14 - 16. Let y be w(r). What is the highest common factor of y and 352?
32
Let w = -23 - -23. Suppose w = -5*y + 64 + 76. Calculate the highest common divisor of y and 42.
14
Let q be 2*(-3 + 2/1). Let z be (-1 - q)*(14 - 1). Let o be 27/(-9) - 45/(-6)*16. What is the greatest common factor of z and o?
13
Suppose 0 = 2*p - 8 - 16. Let i(m) = 59*m + 2. Let g be i(1). Let s = 169 - g. Calculate the greatest common divisor of s and p.
12
Suppose 0 = 2*o - 14 + 6. Suppose o*y - 53 = 43. Suppose -8 = -8*u + 7*u. Calculate the highest common factor of y and u.
8
Suppose b + 43200 = 46*b. What is the highest common divisor of b and 15?
15
Let c be (-10)/(-15) - (-1196)/6. Calculate the greatest common divisor of c and 360.
40
Let h(k) = 8 - 13 - 11 - 1 + 4*k. Let j be h(5). Let r be j*8/(-12) + 5. Calculate the highest common divisor of r and 6.
3
Let u = 1251 - 756. Calculate the greatest common factor of u and 5.
5
Let m(w) = w**2 - 10*w - 18. Let p be m(-4). Let i = p + -32. Calculate the highest common factor of 54 and i.
6
Suppose -16 - 14 = -i. Let a = -69 - -68. Let o be (-3 + 3 + -12)*a. Calculate the greatest common divisor of o and i.
6
Suppose -3*x = i - 8, 4*i + 3*x - 8*x - 15 = 0. Suppose -5*t = -o - 45, 5*t - 15 = 4*t - o. What is the greatest common factor of i and t?
5
Let n be (-12)/(-78) + 134/(-26). Let q = -3 - n. What is the highest common divisor of q and 16?
2
Suppose 10*j = 7*j - 114. Let r = j + 66. What is the highest common divisor of r and 252?
28
Suppose -10 - 16 = -2*n - 4*x, 2*n - 2*x = 32. Let i be ((-36)/n)/((-3)/15). Let u be 16/4 + i + -2. What is the greatest common divisor of u and 14?
14
Let p be 240 - (-5 - (1 - 8)). What is the highest common divisor of 126 and p?
14
Let c be (-1 - (-9)/6)*352. Let p be (-360)/420*(-112)/6. Calculate the greatest common divisor of p and c.
16
Let k(z) = 0 - 2*z + 1 - 3 + 9. Let d be k(-11). Let i = d - 11. Calculate the highest common divisor of i and 54.
18
Suppose 4958 = 33*g - 5734. Calculate the greatest common divisor of g and 81.
81
Suppose 5*d - 441 = -t - 2*t, d - 93 = t. Calculate the highest common factor of 18 and d.
18
Suppose f = -2*k + 153, k + 4*f - 40 = 26. Let n be 4/(-26) + (-2172)/k. Let p = n - -35. Calculate the highest common divisor of p and 7.
7
Let f be 1/((-1)/16*-1). What is the highest common factor of 496 and f?
16
Let q(i) = i**3 + 10*i**2 + 2*i + 56. Let c be q(-8). Calculate the highest common factor of c and 420.
84
Suppose -2*o = 3*o - 940. Suppose 2*g = 4*g + o. Let b = 27 - g. What is the greatest common divisor of 11 and b?
11
Let m be -55 + 54 - (-113 + 0/3). Calculate the greatest common factor of m and 24.
8
Let v(d) = -d**3 + d**2 + 23*d - 30. Let q be v(-6). Calculate the highest common factor of q and 56.
28
Let o be 6*(3 + 140/(-21)). Let t = -111 + 74. Let x = o - t. Calculate the highest common divisor of x and 15.
15
Suppose -538 = -7*o + 176. Suppose -4*n = -9*n - 3*u + 100, -n = -4*u + 3. What is the highest common factor of n and o?
17
Suppose 4*s = p + 3*p - 68, 4*s + 5*p = -77. Let g = s - -46. Suppose 4*n + 2*c = g, -3*n - n = -3*c - 28. Calculate the greatest common factor of n and 14.
7
Suppose -48 = -3*v - 9*v. Suppose -5*o - 5*j + 55 = 0, 2*o - 2*j + 8 = 50. Calculate the highest common divisor of o and v.
4
Suppose 0*b + 5*b = 0, t + b = 319. What is the highest common divisor of t and 58?
29
Suppose 4*a - 5*c - 225 = 0, 10*a + 2*c + 57 = 11*a. What is the highest common divisor of 198 and a?
11
Let o = -63 + 19. Let b = o + -251. Let i = b - -428. Calculate the greatest common factor of 19 and i.
19
Let h = 52 + -32. Let y(z) = z**2 - 20*z + 4. Let d be y(h). Calculate the greatest common divisor of 14 and d.
2
Suppose -2*q + 2*r = 32, -9 = q - 2*r + 3. Let y be ((-36)/(-20))/(-4 + (-83)/q). Calcu